 + 8. Give g(6).
-136
Let l(v) = 35*v - 4980. Give l(143).
25
Let h(o) = 7*o**3 - 6*o**2 - 7*o - 21. What is h(4)?
303
Let n(o) = -2*o**3 + 20*o**2 - 7*o + 59. Calculate n(10).
-11
Let f(y) = -169*y - 163. Calculate f(-1).
6
Let z(b) = 3*b**3 - 121*b**2 - 13*b + 2069. What is z(40)?
-51
Let s(k) = 2*k**3 - 31*k**2 - 24*k + 32. What is s(16)?
-96
Let h(s) = s**2 - 82*s + 1088. Give h(64).
-64
Let z(u) = -106*u. Give z(0).
0
Let v(z) = z**3 + 12*z**2 - 29*z - 8. Determine v(-14).
6
Let a(x) = -2*x**2 - 73*x - 461. Calculate a(-8).
-5
Let z(w) = 17*w - 1210. Determine z(72).
14
Let w(z) = 4*z**2 + 8*z + 14. Determine w(-3).
26
Let r(x) = x**3 - 208*x**2 - 1722*x - 1298. Determine r(216).
-2
Let p(j) = 119*j - 1187. Determine p(10).
3
Let x(v) = -11*v**2 + 57*v + 718. What is x(-6)?
-20
Let s(m) = m**3 - 51*m**2 + 18*m + 1631. Give s(50).
31
Let v(o) = 234*o - 454. Give v(2).
14
Let j(f) = -38*f + 2557. Calculate j(67).
11
Let g(c) = c**2 - 50*c + 589. What is g(31)?
0
Let n(v) = -168*v**3 + 4*v**2 - 12*v - 14. Calculate n(-1).
170
Let u(z) = -z**3 - 153*z**2 - 2066*z + 560. Give u(-138).
8
Let s(h) = -15*h**2 + 283*h + 13. Determine s(19).
-25
Let u(d) = -871*d - 2634. Determine u(-3).
-21
Let h(x) = 6*x**2 + 30*x + 114. What is h(-4)?
90
Let j(t) = -3*t**2 - 27*t + 93. What is j(6)?
-177
Let k(i) = -6*i**3 - 166*i**2 + 58*i + 60. What is k(-28)?
4
Let n(u) = -23*u**3 - u**2 - 186*u + 376. Give n(2).
-184
Let z(g) = -g**3 - 68*g**2 - 514*g + 1027. Calculate z(-59).
24
Let d(r) = -4*r**2 + 127*r + 166. Determine d(33).
1
Let g(b) = 2*b**2 + 28*b + 33. Give g(-8).
-63
Let y(a) = 2*a**3 - 8*a**2 + 29*a - 106. Calculate y(4).
10
Let u(f) = f**3 + 3*f**2 + 17*f + 91. Calculate u(-5).
-44
Let w(t) = -123*t**2 + 606*t + 6. Calculate w(5).
-39
Let o(a) = -15*a + 32. Give o(28).
-388
Let p(k) = -37*k**2 + 36*k. Give p(1).
-1
Let b(d) = -3*d**2 - 45*d + 23. Determine b(-16).
-25
Let p(z) = 385*z + 2708. Calculate p(-7).
13
Let u(w) = 8*w**3 + 26*w**2 + 4*w - 8. What is u(-3)?
-2
Let y(j) = 38*j**2 - 20*j + 2. What is y(2)?
114
Let n(u) = 2*u**2 + 670*u - 6896. Calculate n(10).
4
Let m(g) = -g**3 - 3*g**2 - 4*g - 22. Determine m(-6).
110
Let q(k) = -4*k**3 + k**2 - 15*k - 23. What is q(-4)?
309
Let p(h) = 2*h**3 - 8*h**2 + 13*h - 10. Calculate p(3).
11
Let i(y) = -16*y**2 + 497*y - 30. What is i(31)?
1
Let u(b) = -4*b**2 + 23*b - 125. What is u(7)?
-160
Let r(o) = -3*o**3 + 206*o**2 - 133*o - 214. Calculate r(68).
-10
Let j(u) = -2*u**3 - 44*u**2 - 94*u - 272. Determine j(-20).
8
Let u(p) = p**2 + 540*p - 3271. What is u(6)?
5
Let h(n) = -n**3 - n**2 + 11*n - 38. Calculate h(3).
-41
Let s(o) = -37*o - 1989. Determine s(-54).
9
Let h(u) = 58*u - 377. Calculate h(6).
-29
Let c(b) = 29*b + 526. Determine c(-25).
-199
Let v(l) = -7*l**2 + 51*l - 11. Give v(7).
3
Let n(q) = q**2 + 35*q + 123. Calculate n(-26).
-111
Let v(n) = -3*n**3 - 10*n**2 + 28*n + 59. Determine v(-2).
-13
Let l(a) = 161*a - 835. Give l(5).
-30
Let k(f) = -f**2 + 131*f - 4254. Determine k(71).
6
Let v(b) = -2*b**3 + 120*b**2 + 114*b + 456. Calculate v(61).
-32
Let y(q) = q**3 + 11*q**2 + 30*q + 222. Calculate y(-12).
-282
Let b(w) = -14*w + 148. Give b(4).
92
Let d(u) = u**3 + 3*u**2 + 5*u + 14. Determine d(-3).
-1
Let k(o) = -o**3 + 23*o**2 - 90*o - 298. What is k(9)?
26
Let r(n) = -6*n**2 - 236*n - 239. Calculate r(-1).
-9
Let c(k) = 140*k + 1816. What is c(-13)?
-4
Let n(z) = -43*z**2 + 166*z - 20. Give n(4).
-44
Let a(l) = -l**3 - 36*l**2 + 11*l + 425. Calculate a(-36).
29
Let k(b) = 6*b**3 - 166*b**2 - 57*b - 39. Calculate k(28).
-67
Let k(o) = 3*o**3 + 78*o**2 + 12*o + 318. Determine k(-26).
6
Let o(a) = a**3 + 16*a**2 - 35*a + 59. What is o(-18)?
41
Let c(m) = 288*m - 6239. Give c(22).
97
Let r(a) = a - 29. Give r(20).
-9
Let n(i) = -i**3 + 18*i**2 + 41*i + 12. Calculate n(20).
32
Let r(n) = 17*n + 10. What is r(-3)?
-41
Let u(m) = -2*m**3 + 4*m**2 + 27*m - 17. Calculate u(-5).
198
Let z(j) = -39*j + 385. Determine z(13).
-122
Let u(d) = -2*d**3 + 106*d**2 + 223*d - 173. Determine u(55).
-8
Let i(o) = 8*o + 6. Give i(-14).
-106
Let r(u) = -3*u**2 + 215*u - 2161. What is r(12)?
-13
Let f(n) = n + 14. Calculate f(2).
16
Let h(o) = 61*o - 337. What is h(6)?
29
Let r(o) = 576*o - 1143. Determine r(2).
9
Let w(n) = 31*n - 30. Determine w(-5).
-185
Let k(j) = -j**3 - 11*j**2 - 16*j + 30. Give k(-10).
90
Let u(j) = -j**3 + 14*j**2 - 55*j + 67. What is u(8)?
11
Let h(c) = 23*c**3 + 6*c**2 - 15*c + 4. What is h(2)?
182
Let u(r) = 2*r**2 - 40*r + 46. Give u(18).
-26
Let b(o) = 173*o - 151. Give b(4).
541
Let o(x) = x**3 - 422*x**2 + 12832*x + 1945. Calculate o(389).
0
Let t(o) = -o**3 - 99*o**2 - 113*o - 1471. Calculate t(-98).
-1
Let j(b) = -b**3 - 76*b**2 - 21*b - 1590. Determine j(-76).
6
Let j(c) = -2*c**3 + 21*c**2 + 25*c - 464. Give j(9).
4
Let f(t) = t**2 + 516*t - 6330. Give f(12).
6
Let o(l) = -l**2 + 5*l + 234. Determine o(20).
-66
Let i(v) = v**2 + 3*v - 35. What is i(-16)?
173
Let a(z) = 11*z - 49. What is a(5)?
6
Let p(m) = 30*m + 14. Give p(-4).
-106
Let u(l) = -l**2 - 587*l - 63497. Give u(-143).
-5
Let w(z) = 3*z**2 + 47*z - 120. Determine w(-18).
6
Let a(w) = -17*w**2 - 119*w - 120. Give a(-1).
-18
Let w(d) = 2*d**3 + 59*d**2 - 94*d - 32. Calculate w(-31).
-1
Let a(p) = 46*p**2 + 16*p + 10. Calculate a(-3).
376
Let i(g) = 30*g + 504. Give i(-17).
-6
Let l(n) = 105*n**2 + 28*n - 57. Give l(2).
419
Let j(u) = 922*u - 17525. What is j(19)?
-7
Let w(a) = -a**2 + 60*a - 873. Calculate w(28).
23
Let l(r) = 6*r**2 - 116*r + 36. Calculate l(19).
-2
Let q(a) = a**2 + 7*a - 2. What is q(-6)?
-8
Let l(q) = 230*q + 1986. Determine l(-9).
-84
Let c(i) = -19*i**2 - 644*i - 1282. What is c(-2)?
-70
Let j(n) = 1562*n + 109347. Give j(-70).
7
Let o(f) = f**2 - 17*f + 217. Determine o(12).
157
Let l(a) = -2*a**3 + 2*a**2 + 12*a + 3. Give l(3).
3
Let o(v) = 9*v + 10. Calculate o(0).
10
Let m(k) = 22283*k - 89137. Calculate m(4).
-5
Let l(n) = -14*n**3 + 4353*n**2 + 320*n - 2796. Calculate l(311).
3
Let s(p) = 9*p**2 + 1632*p + 538. Calculate s(-181).
-5
Let b(z) = 162*z - 447. What is b(3)?
39
Let f(w) = w**3 - 16*w**2 + 37*w + 52. Give f(4).
8
Let f(g) = 11*g**2 - 43*g + 22. Give f(3).
-8
Let j(h) = 6*h**3 - 5*h**2 + 7*h. Calculate j(2).
42
Let x(q) = -98*q + 48. Calculate x(-3).
342
Let w(q) = 13*q**2 - 122*q + 49. Calculate w(9).
4
Let c(n) = -n**3 - 5*n**2 + 486*n + 4061. Calculate c(-9).
11
Let v(o) = o**3 - 11*o**2 + 30*o + 11. Give v(8).
59
Let t(z) = -z**3 + 60*z**2 + 231*z - 13857. Determine t(60).
3
Let o(x) = -x**2 - 22*x + 634. What is o(16)?
26
Let v(c) = c**3 - 14*c**2 - 69*c - 68. What is v(18)?
-14
Let j(t) = 107*t + 621. Calculate j(-9).
-342
Let i(h) = h**2 + 3*h - 1977. What is i(-46)?
1
Let t(w) = 400*w - 25. Determine t(1).
375
Let x(o) = o**3 - 19*o**2 + 60. Give x(19).
60
Let n(d) = -5*d**2 - 36*d + 28. Give n(-8).
-4
Let i(d) = d**2 - 40*d - 279. What is i(-6)?
-3
Let p(q) = -q**2 + 80*q - 573. Calculate p(8).
3
Let d(t) = -14*t + 862. Give d(57).
64
Let v(b) = 61*b + 1462. What is v(-23)?
59
Let u(l) = -48*l**3 - 154*l**2 - 27*l + 14. Calculate u(-3).
5
Let h(g) = -3*g**2 - 129*g + 129. What is h(1)?
-3
Let f(v) = -31*v - 340. Give f(-23).
373
Let u(o) = -o**3 - 11*o**2 - 29*o. Give u(-8).
40
Let n(c) = -178*c - 6602. Calculate n(-37).
-16
Let d(a) = -140*a - 286. Give d(-2).
-6
Let n(r) = 182*r + 1124. Calculate n(-6).
32
Let o(z) = -56*z - 1222. Calculate o(-23).
66
Let s(c) = c**3 + 19*c**2 - 42*c - 72. Calculate s(-21).
-72
Let p(r) = -r**3 + 173*r**2 + 158*r + 2782. Calculate p(174).
-2
Let m(o) = o**2 - 34*o - 157. Determine m(-5).
38
Let g(l) = 4*l + 171. Determine g(-22).
83
Let f(q) = -34*q**2 - 668*q + 242. Give f(-20).
2
Let g(k) = -2*k**2 - 514*k + 4695. Give g(9).
-93
Let z(d) = 9*d**2 - 14*d - 16. What is z(3)?
23
Let v(o) = 7*o**3 + 46*o**2 + 40*o - 5. Determine v(-1).
-6
Let r(k) = 473*k + 2808. Give r(-6).
-30
Let t(k) = -73*k + 910. Give t(17).
-331
Let z(o) = -30*o + 263. What is z(8)?
23
Let q(c) = 30*c**2 + 211*c + 10. What is q(-7)?
3
Let y(x) = 140*x + 1255. Determine y(-9).
-5
Let g(v) = 19*v**2 - 194*v + 45. What is g(9)?
-162
Let s(q) = q**3 - 29*q - 13. What is s(-5)?
7
Let h(a) = -134*a + 2543. Calculate h(19).
-3
Let k(t) = 4*t**2 - t + 2